culate the greatest common divisor of 16536 and 72696.
312
What is the greatest common divisor of 15288 and 518650496?
5096
What is the highest common factor of 117 and 13174603?
13
What is the greatest common factor of 217 and 361163950?
217
Calculate the greatest common divisor of 24 and 75179064.
24
What is the highest common divisor of 7705 and 5864908?
23
What is the greatest common divisor of 353975516 and 4?
4
What is the highest common factor of 8194763 and 1?
1
What is the highest common divisor of 278723932 and 66762?
7418
What is the highest common divisor of 78 and 88906272?
78
What is the greatest common factor of 4810665 and 135?
15
What is the greatest common divisor of 243452935 and 88?
11
Calculate the highest common factor of 850928 and 1312.
16
Calculate the highest common factor of 54 and 135590652.
54
Calculate the highest common factor of 107851 and 11157.
3719
What is the highest common divisor of 2052 and 22201044?
228
Calculate the greatest common factor of 258 and 39826643.
43
What is the highest common factor of 186310 and 30?
10
What is the greatest common divisor of 48 and 219531?
3
Calculate the greatest common factor of 7123560 and 477480.
2760
Calculate the greatest common divisor of 5155488 and 10387.
221
What is the greatest common divisor of 15 and 3300300?
15
What is the highest common factor of 5631215 and 610?
305
Calculate the highest common factor of 19462 and 2179218.
526
Calculate the highest common factor of 55 and 48499088.
11
Calculate the highest common factor of 6765 and 2883981.
123
Calculate the highest common divisor of 100 and 14863180.
20
Calculate the greatest common factor of 507525 and 1337745.
1515
Calculate the highest common divisor of 9238414 and 32712.
2726
What is the greatest common factor of 1672 and 1273228?
836
What is the highest common factor of 11328 and 80364608?
3776
What is the highest common divisor of 190995 and 2923133?
1819
What is the greatest common factor of 821871534 and 2596?
1298
Calculate the highest common divisor of 512 and 21473488.
16
What is the greatest common divisor of 39 and 1195018071?
39
Calculate the greatest common divisor of 14 and 8922907.
7
What is the highest common divisor of 3013571 and 51205?
209
What is the highest common factor of 18652820 and 40?
20
What is the highest common divisor of 671580 and 1410?
30
Calculate the highest common divisor of 57526 and 17918762.
1174
Calculate the greatest common factor of 7928 and 25496.
8
Calculate the greatest common divisor of 418 and 3469378.
22
Calculate the greatest common factor of 2473460 and 19690.
110
Calculate the highest common factor of 518832 and 78138.
54
What is the greatest common factor of 37841 and 3258637?
479
What is the greatest common factor of 21862 and 17102?
34
What is the highest common divisor of 10742999 and 1083?
361
Calculate the greatest common divisor of 172145898 and 3555.
711
What is the highest common factor of 184 and 2586212?
92
What is the greatest common divisor of 7424 and 26738?
58
Calculate the highest common divisor of 444312 and 316536.
2904
What is the highest common divisor of 102359040 and 64680?
5880
What is the greatest common divisor of 86619 and 30277?
13
What is the highest common factor of 96528588 and 741?
741
What is the highest common factor of 26201260 and 20?
20
What is the highest common factor of 579811778 and 1446?
482
Calculate the greatest common factor of 30 and 603404.
2
Calculate the greatest common divisor of 24063 and 4927.
13
Calculate the highest common divisor of 145175 and 11875.
25
Calculate the highest common factor of 3830 and 413510.
10
Calculate the greatest common factor of 659858 and 4662.
74
Calculate the greatest common factor of 648630889 and 92.
23
What is the highest common factor of 24520231 and 29463?
1403
What is the highest common divisor of 6063 and 2159202?
129
What is the greatest common divisor of 66 and 6668530?
22
Calculate the greatest common divisor of 180 and 524850210.
90
What is the highest common factor of 1525291 and 38097?
1411
What is the greatest common divisor of 103315257 and 324?
81
What is the greatest common factor of 4328625 and 61950?
525
Calculate the greatest common factor of 11 and 414374323.
11
What is the greatest common divisor of 917511018 and 6?
6
Calculate the greatest common factor of 2491 and 3810901.
47
Calculate the highest common divisor of 21774 and 154470.
114
What is the greatest common factor of 319 and 56138291?
11
What is the highest common factor of 20376174 and 819?
273
Calculate the highest common divisor of 2608176 and 84.
12
Calculate the greatest common factor of 2754 and 166544886.
102
Calculate the greatest common factor of 77154172 and 1724.
1724
Calculate the highest common divisor of 48594447 and 891.
99
What is the highest common factor of 9272070 and 930?
30
What is the highest common factor of 227322 and 11418?
1038
What is the highest common factor of 665 and 10681420?
95
Calculate the greatest common factor of 11571 and 15378468.
609
Calculate the highest common factor of 7707 and 10164.
21
What is the highest common divisor of 227 and 343566997?
227
What is the highest common factor of 2052 and 96588396?
108
What is the highest common divisor of 6986947 and 2191013?
4499
What is the greatest common factor of 6620696 and 549?
61
Calculate the greatest common factor of 2 and 28349582.
2
Calculate the highest common factor of 26 and 4491682598.
26
Calculate the greatest common divisor of 20236580 and 1820.
1820
Calculate the highest common divisor of 12905460 and 45.
45
What is the highest common divisor of 1280851878 and 18?
6
Calculate the greatest common factor of 6144 and 24256.
64
Calculate the highest common divisor of 160816 and 58976.
304
What is the greatest common factor of 48601 and 11303859?
917
Calculate the highest common divisor of 2143359276 and 12.
12
Calculate the highest common divisor of 62222 and 10494.
106
Calculate the highest common divisor of 245293667 and 19.
19
Calculate the greatest common divisor of 12 and 60517434.
6
What is the highest common divisor of 798445 and 742?
53
Calculate the highest common factor of 130150359 and 369.
369
What is the greatest common divisor of 94348902 and 3972?
1986
Calculate the highest common divisor of 188056 and 75128.
8
What is the greatest common factor of 10546872 and 18740?
3748
Calculate the greatest common divisor of 1172 and 1076482.
586
What is the highest common factor of 75 and 4883925?
75
What is the greatest common factor of 63147 and 122220?
2037
What is the highest common divisor of 125856 and 143469?
171
What is the highest common divisor of 3697679 and 8149?
281
Calculate the greatest common divisor of 1201656 and 1236.
12
Calculate the highest common factor of 1524 and 11228324.
508
Calculate the greatest common divisor of 976 and 306525976.
488
Calculate the greatest common factor of 2505072 and 48.
48
What is the highest common factor of 6 and 188862?
6
Calculate the highest common factor of 47112009 and 126.
21
What is the highest common divisor of 13479479 and 351?
13
Calculate the greatest common divisor of 5148 and 3514797.
1287
Calculate the greatest common factor of 8623307 and 1659503.
10181
Calculate the greatest common divisor of 138183075 and 36.
9
Calculate the greatest common divisor of 14927703 and 3293.
89
What is the greatest common factor of 37389 and 83739?
309
What is the highest common factor of 203 and 6754361?
29
Calculate the greatest common factor of 63266859 and 414.
207
What is the highest common factor of 1094135 and 702835?
1505
Calculate the highest common divisor of 2454629 and 517707.
943
What is the greatest common divisor of 3298 and 24004?
34
What is the greatest common divisor of 52 and 242164?
52
What is the greatest common factor of 35312416 and 848?
848
What is the greatest common divisor of 310576528 and 16?
16
Calculate the greatest common divisor of 22 and 62425.
11
What is the greatest common factor of 98795 and 1205?
5
What is the greatest common divisor of 1517 and 979572?
41
Calculate the greatest common divisor of 23 and 27474489.
23
Calculate the highest common factor of 88200 and 96138.
882
Calculate the greatest common divisor